 387. Suppose 16 = -p*x + 4*a + 41, 0 = -5*x + a + 19. Give u(x).
4
Suppose -5*t - 12*t = -527. Let n = t + -28. Let o(h) = h**n - 3*h**2 + h**2 - 94 + 91 + 8*h - 5*h**2. Give o(6).
9
Let m(j) = j**2 + 24*j - 59. Suppose 112 + 80 = -7*t - 2*v, 0 = 5*t - 2*v + 120. Calculate m(t).
-7
Let m(i) be the first derivative of 3*i**2/2 - 37*i + 371. Determine m(9).
-10
Let f = 127 + -121. Suppose -3*m + 14 = 7*a - 3*a, 3*m = f. Let k(s) = 2*s**2 - 2*s + 4. Determine k(a).
8
Suppose 4*g = -0*g - 5*f + 1559, 5*g - 4*f - 1918 = 0. Let p = g - 389. Let n(w) = -w**3 - 2*w**2 + 5*w + 3. What is n(p)?
-3
Let w(p) = 6*p**2 - 4*p - 2. Let q(t) = -10*t**2 + 5*t - 46 + 24 + 3*t**2 + 24. Let r(z) = -3*q(z) - 4*w(z). Give r(-1).
-2
Suppose -893 = 50*n - 3*n. Let s(o) = -o**3 - 18*o**2 + 16*o - 19. Give s(n).
38
Let y(a) = 59*a**2 - 60*a**2 + 75 - 18*a + 6*a - 7*a. Let z be y(-22). Let s(h) = -h**3 + 9*h**2 - h + 3. Determine s(z).
-6
Let x(z) be the first derivative of 7*z**2/2 - 6*z - 16148. Suppose 4*y - 5*a - 22 = 0, -3*a = -2*y - a + 10. Calculate x(y).
15
Suppose 0 = 462*p - 387*p - 75. Let s(m) = 80*m**3 - m**2 + 4*m - 4. Calculate s(p).
79
Suppose -k - 13*l - 12 = -8*l, 5*l = 4*k + 23. Let v(h) = -12*h + 3. Let q(r) = -22*r + 6. Let w(c) = k*v(c) + 4*q(c). Give w(-6).
27
Let t(j) = -2*j - 18 + 4*j + 15*j + 4*j + 10. Calculate t(0).
-8
Let k(h) be the second derivative of h**4/4 - 7*h**3/3 + 4*h**2 - 184*h. Calculate k(6).
32
Let d(b) be the third derivative of b**5/60 + 7*b**4/24 - 7*b**3/3 + 1370*b**2. What is d(-9)?
4
Let m(p) = 4*p - 4. Suppose 4*x = x + 18. Suppose 12*k - 10*k = x. What is m(k)?
8
Let n(t) = t**3 - 5*t**2 + 15 + t - 29 + 12. Suppose 0 = -126*w + 43 + 114 + 221. Calculate n(w).
-17
Let b(j) = 34*j**3 + 1. Let x = 1788 + -1787. Determine b(x).
35
Let r(x) = 7*x - 7. Let b(j) = -31*j + 36. Let v(d) = 2*b(d) + 9*r(d). Let y be (6/(-4))/(6/8). Let m(k) = k + 4. Let w(l) = y*v(l) + 5*m(l). What is w(-4)?
-10
Let x(b) be the third derivative of 2 + 7/6*b**3 + 0*b - 98*b**2 - 1/60*b**5 + 5/12*b**4. Let w(i) = -2*i + 3. Let a be w(-4). What is x(a)?
-4
Let c(j) = 2*j**2 - 42*j - 3. Suppose 4*p = 0, -z - 15*p + 19*p = -21. Calculate c(z).
-3
Suppose 9 - 3 = -59*t - 171. Let z(w) = -23*w + 1. Determine z(t).
70
Suppose 80 = -33*t + 13*t. Let f(g) be the third derivative of g**2 + 0*g + 0 - 1/24*g**4 - 5/6*g**3. What is f(t)?
-1
Let q(i) be the first derivative of i**4/4 + 2*i**3/3 + 2. Suppose 11*g - 4465 + 4476 = 0. What is q(g)?
1
Let j(u) = u**2 + 2*u - 21. Let h(o) be the second derivative of -o**4/12 - 4*o**3/3 + 14*o**2 - 101*o. Let x be h(-11). Determine j(x).
-6
Let n = -51 - -36. Let j = n + 23. Let k(t) = -6*t**2 - 30*t - 19. Let h(m) = -5*m**2 - 27*m - 16. Let s(y) = 7*h(y) - 6*k(y). What is s(j)?
-6
Let d(g) be the second derivative of g**5/5 + g**4/3 + g**3 + 7*g**2/2 + 156*g. Let x(q) = -3*q**3 - 3*q**2 - 5*q - 6. Let t(h) = 4*d(h) + 5*x(h). Give t(-2).
-4
Let w(t) be the first derivative of -t**4/2 + t**3/3 - t**2/2 + t - 2. Suppose -94 - 61 = -214*r + 59. What is w(r)?
-1
Let t(n) = -13*n**2 + 2*n**2 + 8*n**2 + 51*n - 159*n + 8. What is t(-36)?
8
Let l(f) be the first derivative of -6*f - 1/2*f**2 - 47. Determine l(-9).
3
Let d(c) = -2*c**2 + 30*c + 112. Let k = 921 + -903. What is d(k)?
4
Let s(w) = -w**2 + 6*w - 5. Let i(o) = 4*o**2 + 3*o**2 + 7*o - 8*o**2 - 6. Let a(h) = -2*i(h) + 3*s(h). Let b be -4*114/(-72) - (-16)/(-48). Determine a(b).
-15
Let h(j) = -13*j + 22*j - 127 + 15*j**2 + 107 - 2*j - 6*j**2. Determine h(2).
30
Let v(h) = -3*h - 2. Let q be 1/(-2)*-6*270/(-9). Let r = 120 + q. Suppose -r + 6 = 8*u. What is v(u)?
7
Suppose -24*i + 10*i = 70. Let z(m) = 0*m + 4 + 0*m**2 - m**2 - m - m. Calculate z(i).
-11
Suppose -i = -3*a - 11, -4*a - 10 = i + 7. Let s(v) = -65*v**2 - 5*v - 7. Let w(d) = 29*d**2 + 2*d + 3. Let x(p) = -2*s(p) - 5*w(p). What is x(i)?
-16
Suppose 0 = -9*f + 14*f - 1530. Let i(r) = -300*r + 604*r + 1 - f*r. Determine i(-1).
3
Let i(d) = -4*d**2 + 6*d - 5. Let w(a) = -5*a**2 + 5*a - 5. Let l(m) = 4*i(m) - 3*w(m). What is l(9)?
-5
Suppose 7*a - 8*a + 4*k = -6, -2*a = 5*k + 14. Let l(o) = -5376*o - 6 + 5374*o - o**3 + 2. What is l(a)?
8
Let a(p) = 296 - 81 - 2*p - 102 - 105. Let q = -10 + 18. Determine a(q).
-8
Let i = -24224 + 24227. Let s(r) = -5*r**3 + 4*r**2 - r. Let m(v) = -v**3. Let j(g) = 3*m(g) - s(g). Give j(i).
21
Let i(w) = w**3 + 9*w**2 - 2*w - 10. Suppose 164*m + 1318 = 6. Determine i(m).
70
Let k(i) = -i**2 + 7*i + 14. Suppose 131*c = 111*c - 40. Give k(c).
-4
Suppose 358 + 6 = 39*i + 13. Let k(v) = 7*v - 52. Give k(i).
11
Let m(a) = 503*a - 4010. Let n be m(8). Let h(j) = -j**2 + 16*j - 19. What is h(n)?
9
Suppose -g + 6*g = 25. Let v = -34 - -36. Let b(q) = -6*q**v - 4*q + 5*q + 21*q**3 + q**2 - 20*q**3. What is b(g)?
5
Suppose -5*m + 0*a + 35 = -5*a, 29 = 3*m - 5*a. Let y(u) = m*u - 5 - u - 3*u. Let h be 18/360*50*(36/10 + 108/(-18)). What is y(h)?
1
Let i be 1/8 - 10/80. Let c(y) = y**2 + 34*y + 1. Give c(i).
1
Let l(r) = -r**3 - 10*r**2 + 11*r - 4. Let n be 7 + (-1957)/285 + 334/(-30). What is l(n)?
-4
Let f(a) be the first derivative of a**4/4 - 3*a**3 - 9*a**2/2 + 7*a + 72. Let o be 2/8 - 390/(-40). What is f(o)?
17
Let l(i) be the third derivative of -i**6/360 - i**5/24 - i**4/2 - 5*i**3/6 + 3*i**2 + 5. Let a(y) be the second derivative of l(y). Calculate a(5).
-15
Let q(x) = 4*x**3 - 7*x**2 + 5*x + 10. Suppose 4*m = -12 - 0. Let c(h) = -h**3 - 2*h - 1. Let j(l) = m*c(l) - q(l). Let s = 18 + -11. What is j(s)?
0
Suppose 27 + 18 = 9*x. Let p(c) = -x*c**2 + 20*c**2 - c**3 + c**2 - 10*c**2 - 7 + 3*c. Determine p(6).
11
Let d(x) = -x**3 + 21*x**2 - 20*x - 9. Let s be d(20). Let b be (-4)/1*(21 - 12)/s. Let i(p) be the first derivative of p**4/4 - 4*p**3/3 + 1. Determine i(b).
0
Let k(a) be the first derivative of a**4/4 - 11*a**3/3 + 5*a**2 + a - 1163. Give k(10).
1
Let d(p) = 16*p. Let u(y) = -163*y + 3. Let h(a) = 10*d(a) + u(a). Calculate h(-2).
9
Let b(f) be the second derivative of 55*f - 8/3*f**3 + 17/2*f**2 - 1/12*f**4 + 1. Determine b(-17).
0
Let j(k) = 4*k**2 - 5*k. Let o be j(2). Let x(d) = -d + 8. Let m be x(o). Let q(f) = 5 + 0*f**2 + 3*f**2 - 4*f**m - 2. Give q(0).
3
Suppose -106*l + 113*l - 21 = 0. Let w be (-3)/2*(-8)/3. Suppose -l*n - b = b - 13, w*n - 2*b - 8 = 0. Let i(m) = -m**3 + 2*m**2 + 2*m - 1. Determine i(n).
-4
Let v(j) = 15*j + 17. Let k(q) = -4*q**3 - q**2 - 9*q + 3. Let h be k(0). Determine v(h).
62
Let n(g) = g**3 + 15*g**2 + 56*g + 14. Let o be (2526/(-2105))/(4/30). Determine n(o).
-4
Let c(m) = m**2 + 16*m - 59. Let u(o) = -o**2 - 78*o + 309. Let k be u(4). Calculate c(k).
-2
Let b(r) be the second derivative of -r**6/360 - 19*r**3/3 + 71*r. Let t(i) be the second derivative of b(i). What is t(2)?
-4
Let c(y) be the first derivative of 5*y**2/2 + 3*y + 34. Let h be (3/12*6)/(3/(-20)). Let n = 5 + h. Determine c(n).
-22
Let h(v) = -v**2 + 5*v - 5. Let x(f) = -3*f**2 + 10*f - 12. Let b(a) = -5*h(a) + 2*x(a). Let o = -40 + 36. Determine b(o).
5
Let w(l) = l + 5. Let a(j) = j**3 + j**2 - 21*j - 30. Let z(n) = n**2 + 2*n - 2. Let m(c) = -a(c) - 4*z(c). Let f be m(-6). Determine w(f).
1
Let h be (6 - 4)*-1 + 5. Let f be h*2 - 80/16. Let m(i) = -5 - 9*i + 5. Determine m(f).
-9
Let n(t) be the first derivative of -19*t**4/2 - t**3 - 2*t**2 - t + 1924. Determine n(-1).
38
Let n = 77274 - 77274. Let y(b) = 5*b**3 - 5*b + 47. Let f(a) = 6*a**3 - 6*a + 48. Let l(p) = 4*f(p) - 5*y(p). Give l(n).
-43
Let h(m) be the first derivative of -m**2/2 - 49*m + 661. Calculate h(11).
-60
Let q(t) = 3*t + 35. Let x be q(12). Let p = -78 + x. Let z(c) = 53*c + 7 - 8 - 54*c. Determine z(p).
6
Let i(o) be the second derivative of 0 - 1/2*o**2 - 4*o - 1/3*o**3. Suppose 0 = -41*d + 120*d - 79. Calculate i(d).
-3
Let s = 10 - 7. Let w(o) be the second derivative of 0 - 1/6*o**3 + 12*o + 2*o**2. Give w(s).
1
Let w(r) = 3250 - 2*r + 8*r**2 + 4*r**3 - 5*r**3 - 3246. Calculate w(8).
-12
Let v = -3037 + 6081/2. Let l(s) be the second derivative of -1/3*s**3 + 0 - v*s**2 - s. Give l(-7).
7
Let r(b) = 9*b - 24. Let t be r(3). Let v(z) = 0 - 189*z**t - 6*z - 8 - 7*z**2 + 190*z**3 + 13*z. Determine v(6).
-2
Let s = -1 - -6. Suppose -4*m + 7*m = -2*l - 10, -2*m = -s*l + 13. Let d(y) = -189*y + 